**3 + 1/12*r**4 + 3*r**2 + 0 + 7*r. Calculate j(s).
-9
Suppose 33 + 177 = 14*d. Let x(w) = -2*w + 29. What is x(d)?
-1
Suppose 132 = 70*t - 37*t. Let h(x) = x**3 - 6*x**2 + 6*x - 7. Determine h(t).
-15
Let q(o) = -7*o - 7. Let z be ((-10)/(-3))/(-5)*3. Let m(j) be the first derivative of 3*j**2/2 + 3*j + 1. Let g(f) = z*q(f) - 5*m(f). Give g(-5).
4
Suppose 44*j = 4*j - 280. Let c(s) = 4*s - 8. Calculate c(j).
-36
Let m(b) be the second derivative of -b**4/6 + b**3/6 - b**2 - b. Let g be (-5)/(-2)*724/905. Calculate m(g).
-8
Let h(b) be the first derivative of -b**2 + 13*b - 124. Determine h(9).
-5
Let m(c) = c**2 - 4*c - 3. Suppose -7*j - 12 = -9*j. Let n be (-20)/j*33/(-22). Calculate m(n).
2
Let y = -189 + -213. Let a be y/(-12) + 1/(-2). Let i = a + -27. Let o(d) = -d + 3. Determine o(i).
-3
Let n be (-30)/4*(-4)/5*1. Let g(q) = 11*q - 61. Let x be g(n). Let f(a) = -a**3 + 4*a**2 + 3*a + 2. What is f(x)?
-8
Suppose 7 = 5*u + 3*j, -5*u + 5*j + 15 = -0. Let x(b) = 3*b**2 - 4*b - b**3 + 5*b**2 - 2*b**u + 5. What is x(5)?
10
Let s(q) be the first derivative of 3*q**2/2 + 3*q - 69. Suppose 3*j - 5*j = 0. Suppose 2*p + m + j = -1, 3*m = p + 11. Give s(p).
-3
Let f(r) be the first derivative of -r**3/3 - 4*r**2 - 3*r + 47. Give f(-4).
13
Let w(z) = -z**3 + 7*z**2 - 9*z + 2. Let x(q) = -q**3 + 7*q**2 - 8*q + 1. Let k(u) = -3*w(u) + 4*x(u). Suppose -3*v - 2*l - 2 = -2*v, 5*l = -20. Give k(v).
4
Let a(w) = w**2 - 2*w - 4. Let m(f) = -f**3 - f**2 - f - 3. Let j(b) = -b - 6. Let i be j(-4). Let y be m(i). Determine a(y).
-1
Let l = -50 - -53. Let q(s) be the first derivative of -l*s**2 - 1/3*s**3 + 8*s - 3. Calculate q(-6).
8
Let h(m) = -m**2 - 3*m - 1. Let i be h(-3). Let q be (i + 3/(-6))*2. Let z(k) = 6*k - 6. Let w(b) = 11*b - 11. Let o(x) = -3*w(x) + 5*z(x). Determine o(q).
12
Let m(g) = 22*g + 276. Let a be m(-13). Let x(t) = t + 5. Give x(a).
-5
Let v = -2 + 6. Let x(c) = v*c - 3*c - 1 - 2. Let p(b) = 2*b**2 + 62*b + 266. Let r be p(-26). Calculate x(r).
3
Let j(v) = -v**3 - 14*v**2 - 2*v - 30. Let s = 53 + -67. Let k be j(s). Let x(c) = -c**3 + c**2 + c. Give x(k).
10
Let x(g) = -7*g**3 - g**2 + g. Suppose 0 = -l + h + 4 - 1, -3*l + 5*h = -11. Let u be ((-14)/56)/(l/(-8)). What is x(u)?
-7
Let l be (1 - 12/15)/(66/55). Let j(u) be the third derivative of -1/120*u**6 + 0*u**5 + 0 - 5*u**2 + 0*u - 1/24*u**4 - l*u**3. Determine j(0).
-1
Let u = 50 - 46. Suppose -5*b + 60 = u*f, f - 2 = b - f. Let t(i) = -i**3 + 8*i**2 - 1. What is t(b)?
-1
Let d(q) be the first derivative of -q**4/4 + 19*q**3/3 + 195. Determine d(19).
0
Let d be 2/10 + 1/(-5). Suppose 0 = 135*i - 127*i - 16. Suppose -4*s + i + 6 = d. Let u(j) = -j**2 + 2*j + 1. Give u(s).
1
Let y(m) = 6 + 4*m - 3*m + m**2 + 0*m. Let i be 15/(-10) - (1 - (-241)/2). Let v = i + 123. Determine y(v).
6
Let s be 32/(-24)*(-18)/4. Suppose 4*v = -5*f + 26, -s*v + v + 22 = f. Let o(k) = -k - 1. Give o(v).
-5
Let k(d) = -d - 8. Let f(l) = -4 + 6 - 1. Let v(j) = -6*f(j) - k(j). What is v(-4)?
-2
Let l(g) = 6*g - 4. Let d(x) = 3 + 0 - 2. Let p(k) = 5*d(k) + l(k). Let z be -1 - 1*(-6)/3. Determine p(z).
7
Let w(b) = -8*b**2. Let z = -17 + 8. Let i = z + -13. Let s = i - -21. Determine w(s).
-8
Let d(b) = -b**2. Let w(o) = o**2 - 5*o - 20. Let v be w(8). Determine d(v).
-16
Let c be 6/27 - (-410)/18. Suppose -5*d = -2*l - c, 3*d = -2*l + 11 + 6. Let t(f) = -6*f**3 + f**2 - 9*f**3 + 2*f**3 - f. Calculate t(l).
-13
Suppose 0 = 29*r - 30*r - 2. Let o(t) = 3*t**3 - 2*t - 2. What is o(r)?
-22
Let n(w) = -w**3 + w**2 + 2. Let d be (-4)/((-12)/11) - (-2)/(-3). What is n(d)?
-16
Let j(t) be the third derivative of t**4/24 + t**3/6 + 77*t**2. Determine j(5).
6
Let i(c) = -2*c - 5. Let s be (345/(-30))/(2/(-4)). Suppose -7 = -5*v + s. Give i(v).
-17
Let x(s) = s**3 - 13*s**2 + 12*s + 8. Suppose -n + m = 8 - 15, -75 = -5*n - 3*m. Calculate x(n).
8
Let x(t) = t**3 - 2*t**2 - 3*t - 4. Let b be x(3). Let u(i) be the first derivative of -i**2 + i - 4. Calculate u(b).
9
Let d = 13 + -11. Suppose -d*u + 4*b - 6 = 0, 2*b = -u - 4*u + 33. Let q(j) = -6 + 0*j - 4*j + j**2 + 0*j**2. Calculate q(u).
-1
Let x(r) = 4*r - 3. Let l(n) = -5*n + 4. Let q(z) = 5*l(z) + 6*x(z). Suppose 2*p = -5*h + 5, -7 = 4*p - 5*h + 28. Give q(p).
7
Let v = -1863 - -1859. Suppose c - 4*p - 1 = 0, 4*c - 21 = -p - 0*p. Let w(h) = -h**2 - 2 + c*h**2 + h**2 + h**3. What is w(v)?
14
Suppose -288 - 167 = 35*s. Let f(k) = k**3 + 14*k**2 + 12*k - 7. Determine f(s).
6
Let c(b) = 4*b**2 + b - 2. Let r be -3*3/(-6)*2. Give c(r).
37
Let o = -3 + 7. Let l(q) = -4*q**2 + 2*q + 1. Let h(d) = -3*d**2 + d + 2. Let b(x) = -5*h(x) + 4*l(x). Calculate b(o).
-10
Let p(o) = 3*o**2 - o - 1. Suppose 0 = 8*k - 14*k + 12. Let t be (-288)/135 + k/15 - -1. Calculate p(t).
3
Let k(a) = -a. Let y(x) = x**2 + 8*x + 2. Let u(g) = 6*k(g) + y(g). Give u(-3).
5
Suppose -2*l - l - 1 = -4*c, l + 2 = 3*c. Let j(u) = c - 2*u + u + 0*u. Suppose 19*s + 1086 = 1010. What is j(s)?
5
Let h(d) = 17*d**2 - 26*d + 12*d - 3 + 4 + 16*d. Give h(-1).
16
Let o(n) = 5*n - 1. Let f be 1*4/(-8)*-12. Suppose -w + f = 2. Suppose w*r = -3*c + 23, c = -4*r + 8 + 5. Give o(r).
9
Let s(x) = -x**2 + x + 4. Let g(w) = -w - 3. Let a be g(-9). Let h(v) = v - 9. Let z be h(a). What is s(z)?
-8
Let w(n) = 16*n + 15*n + 5 - 21*n - 12*n**2 + n**3. Let i be w(11). Let j(b) = -b**2 - 6*b + 1. What is j(i)?
1
Let x(k) be the first derivative of -k**4/4 - 8*k**3/3 - 4*k**2 - 6*k + 11. Calculate x(-6).
-30
Let h(z) be the second derivative of -z**4/12 - 2*z**3 + 7*z**2/2 - 6*z - 4. What is h(-7)?
42
Let d(l) = l**3 - 20*l**2 + 36*l + 8. Let v be d(18). Let t(a) = -3*a + 10. Let g(r) = r - 3. Let b(i) = -11*g(i) - 4*t(i). Calculate b(v).
1
Suppose -4*v - 5*b - 2 = 5, 4*v - 5 = -b. Suppose -22*c = -23*c - v. Let u(n) = -2*n + 2. What is u(c)?
6
Let r(b) = -b**3 + 3*b**2 + 6*b + 1. Let x be (-95)/(-20) + (-1)/(-4). Give r(x).
-19
Let y(i) = i**2 + i - 1. Let s(u) be the second derivative of -u**4/6 - u**3/3 + 5*u**2/2 - 12*u. Let k(n) = s(n) + 3*y(n). Calculate k(-3).
8
Let d = -485 + 482. Let z(x) = -x**3 - 2*x**2 - 4*x + 1. Give z(d).
22
Let a(s) = -s - 6. Let r = -16 + 4. Let h be a(r). Let f(u) = -1 + 8*u + h - 11*u - 1. Give f(3).
-5
Let z(j) be the first derivative of 2*j**3/3 + j**2 + j - 2. Let u = -42 + 52. Suppose 2 - 23 = -4*x + 5*q, 5*x + q + u = 0. Give z(x).
1
Let q(h) be the first derivative of -3 + 1/24*h**4 - h**2 + 0*h + 5/6*h**3. Let d(k) be the second derivative of q(k). Determine d(-4).
1
Let c(z) = -z**2 + 3*z + 3. Let t(y) = y**3 - 11*y**2 + 29*y - 4. Let r be t(7). Determine c(r).
3
Let t(h) = h**3 + 6*h**2 + 4*h + 25. Let j be t(-6). Let z(k) = 3*k**2 - k + 2. Give z(j).
4
Let j(d) = -4*d - 3. Suppose 10 = -3*s + t, -8*s + 2*t = -4*s + 14. Calculate j(s).
9
Let o(f) = 10*f**2 + 9 - 3*f**2 - 6*f - 2*f + 0*f**3 + f**3. Let s be ((-40)/25)/(-2 + 33/15). What is o(s)?
9
Let b(z) = -7*z - 7*z + 19 - 3*z + 0*z - z**2 - 5. Calculate b(-14).
56
Let y(c) = -c**3 + c**2 - 10. Let d(z) = 17*z - 10. Let q be d(6). Let t = q + -92. Determine y(t).
-10
Let c(k) = -k**3 - 3*k**2 + 3*k. Suppose -2*r - 5*i + i = -34, -2*r - 2*i = -26. Let u be (-15)/5 + r + 0. Let x be 3/(1/(-8)*u). Give c(x).
4
Let d(n) = -20*n + 19. Let s(p) = 11*p - 9. Let r(q) = 6*d(q) + 11*s(q). Calculate r(-11).
4
Let u(d) = -d**3 - d**2 + 3*d + 3. Let i be u(-3). Suppose 4*o - 12 = i. Let n(r) = r**3 - 2*r**2 + 2*r - 2*r**2 + 8 - o - 3*r. Determine n(3).
-10
Suppose 630*y - 14 = 628*y. Let f(j) be the second derivative of j**4/12 - 5*j**3/6 - 5*j**2/2 - j. Calculate f(y).
9
Let m(c) = 3*c + 20. Let o(h) = 9*h + 55. Let j(f) = 10*m(f) - 3*o(f). Calculate j(-10).
5
Let t(w) = -2*w**2 - 1. Let n be t(-1). Let y(h) = -h**3 - 8*h**2 - 2*h - 11. Let l be y(-8). Let g(r) = 1 + 2*r**2 + 0 + 2*r**2 - l*r**2 - 2*r. Calculate g(n).
-2
Let a = 8 + -16. Let c = 12 + a. Let b(o) = c*o + 4*o - 6 - 7*o + o**3. Determine b(0).
-6
Let i(m) = -m**2 - m + 1. Let z(s) = -s**3 + s**2 - s + 4. Let l(q) = -q**3 - 4*q**2 + 6*q + 5. Let k be l(-5). Let w be z(k). Determine i(w).
-19
Let j(f) = 8*f**3 - f**2. Suppose -3*n - 12 = -3*y, -4 = -3*y + 2*n + 5. Give j(y).
7
Suppose -3*j = -1 + 4. Let v be 0 + j + (-18 - -18). Let k(m) = -m**3 + 2*m**2 - 1. Give k(v).
2
Let w(